{"id":73,"date":"2012-06-04T20:54:56","date_gmt":"2012-06-04T18:54:56","guid":{"rendered":"http:\/\/beratung.berdich-schule.de\/?page_id=73"},"modified":"2014-10-08T20:22:34","modified_gmt":"2014-10-08T18:22:34","slug":"besondere-begabungen","status":"publish","type":"page","link":"http:\/\/beratung.berdich-schule.de\/?page_id=73","title":{"rendered":"Besondere Begabungen"},"content":{"rendered":"<address>\n<h4>Anlaufstellen f\u00fcr Information, Beratung, F\u00f6rderung in N\u00fcrnberg und Umgebung<\/h4>\n<p>&nbsp;<\/p>\n<ul>\n<li>Netzwerk Besondere Begabungen:<\/li>\n<\/ul>\n<p><a href=\"http:\/\/www.netzbb.de\">www.netzbb.de<\/a><\/p>\n<ul>\n<li>Besonders Begabte Kinder e.V.:<\/li>\n<\/ul>\n<p>Christel Gebhardt<\/p>\n<p>Jakob-Wassermann-Str. 28<\/p>\n<p>0911 \u2013 97 26 733<\/p>\n<p><a href=\"http:\/\/www.besonders-begabte-kinder.de\/\">www.besonders-begabte-kinder.de<\/a><\/p>\n<ul>\n<li>B\u00fcrgerverein Reichelsdorf \u2013 M\u00fchlhof e.V.<\/li>\n<\/ul>\n<p>Claudia B\u00e4tz<\/p>\n<p>Leutershauser Str.56a<\/p>\n<p>90453 N\u00fcrnberg<\/p>\n<p>0911 \u2013 63 12 122<\/p>\n<p><a href=\"mailto:cjbaetz@nefkom.net\">cjbaetz@nefkom.net<\/a><\/p>\n<ul>\n<li>Deutsche Gesellschaft f\u00fcr das Hochbegabte Kind (DGhK)<\/li>\n<\/ul>\n<p>Hans \u2013 Ulrich Greiner<\/p>\n<p>Rieterstr. 78<\/p>\n<p>90530 Wendelstein<\/p>\n<p>09129 \u2013 28 78 20<\/p>\n<p><a href=\"http:\/\/www.kleverkids.de\/\">www.Kleverkids.de<\/a><\/p>\n<ul>\n<li>Edison<\/li>\n<\/ul>\n<p>F\u00f6rderverein der Hochbegabten &#8211; Schulen Franken e.V.<\/p>\n<p>Markus Dippold<\/p>\n<p>Mayer \u2013 Franken \u2013 Str.91<\/p>\n<p>91301 Forchheim<\/p>\n<p>09191 \u2013 79 60 83<\/p>\n<p><a href=\"http:\/\/www.edison-ev.de\/\">www.edison-ev.de<\/a><\/p>\n<ul>\n<li>Hochbegabtenf\u00f6rderung e.V.<\/li>\n<\/ul>\n<p>Elterngruppe N\u00fcrnberg<\/p>\n<p>Brigitte Werner<\/p>\n<p>N\u00fcrnberger Stra\u00dfe 4<\/p>\n<p>90537 Feucht<\/p>\n<p>09128 \u2013 72 88 01<\/p>\n<p><a href=\"mailto:werner_b@t-online.de\">werner_b@t-online.de<\/a><\/p>\n<ul>\n<li>Mensa \u2013 Kids \u2013 Franken (bis 12 Jahre)<\/li>\n<\/ul>\n<p>Gabriele F\u00fcrgut<\/p>\n<p>Lercherstr. 15<\/p>\n<p>91091 Gro\u00dfenseebach<\/p>\n<p>09135 \u2013 21 04 28<\/p>\n<p><a href=\"mailto:gabi.fuergut.kids@mens.de\">gabi.fuergut.kids@mens.de<\/a><\/p>\n<p><a href=\"http:\/\/www.mensa.de\/\">www.mensa.de<\/a><\/p>\n<ul>\n<li>CJD Jugenddorf N\u00fcrnberg<br \/>\nHaus f\u00fcr fr\u00fche Bildung und Begabung<\/li>\n<\/ul>\n<p>CJD Kinderakademie<br \/>\nGr\u00fcnstra\u00dfe 17<br \/>\n90439 N\u00fcrnberg<br \/>\n0911 \u2013 9 64 63 35<\/p>\n<p style=\"text-align: left;\"><a href=\"http:\/\/www.cjd-kinderakademie.de\">www.cjd-kinderakademie.de<\/a><\/p>\n<\/address>\n","protected":false},"excerpt":{"rendered":"<p>Anlaufstellen f\u00fcr Information, Beratung, F\u00f6rderung in N\u00fcrnberg und Umgebung &nbsp; Netzwerk Besondere Begabungen: www.netzbb.de Besonders Begabte Kinder e.V.: Christel Gebhardt Jakob-Wassermann-Str. 28 0911 \u2013 97 26 733 www.besonders-begabte-kinder.de B\u00fcrgerverein Reichelsdorf \u2013 M\u00fchlhof e.V. Claudia B\u00e4tz Leutershauser Str.56a 90453 N\u00fcrnberg 0911 \u2013 63 12 122 cjbaetz@nefkom.net Deutsche Gesellschaft f\u00fcr das Hochbegabte Kind (DGhK) Hans \u2013 Ulrich [&hellip;]<\/p>\n","protected":false},"author":1,"featured_media":0,"parent":0,"menu_order":0,"comment_status":"closed","ping_status":"closed","template":"","meta":{"footnotes":""},"class_list":["post-73","page","type-page","status-publish","hentry"],"_links":{"self":[{"href":"http:\/\/beratung.berdich-schule.de\/index.php?rest_route=\/wp\/v2\/pages\/73","targetHints":{"allow":["GET"]}}],"collection":[{"href":"http:\/\/beratung.berdich-schule.de\/index.php?rest_route=\/wp\/v2\/pages"}],"about":[{"href":"http:\/\/beratung.berdich-schule.de\/index.php?rest_route=\/wp\/v2\/types\/page"}],"author":[{"embeddable":true,"href":"http:\/\/beratung.berdich-schule.de\/index.php?rest_route=\/wp\/v2\/users\/1"}],"replies":[{"embeddable":true,"href":"http:\/\/beratung.berdich-schule.de\/index.php?rest_route=%2Fwp%2Fv2%2Fcomments&post=73"}],"version-history":[{"count":3,"href":"http:\/\/beratung.berdich-schule.de\/index.php?rest_route=\/wp\/v2\/pages\/73\/revisions"}],"predecessor-version":[{"id":91,"href":"http:\/\/beratung.berdich-schule.de\/index.php?rest_route=\/wp\/v2\/pages\/73\/revisions\/91"}],"wp:attachment":[{"href":"http:\/\/beratung.berdich-schule.de\/index.php?rest_route=%2Fwp%2Fv2%2Fmedia&parent=73"}],"curies":[{"name":"wp","href":"https:\/\/api.w.org\/{rel}","templated":true}]}}